atest common factor of 166 and 86818.
166
Calculate the highest common factor of 107134 and 51.
17
What is the greatest common factor of 6 and 198348?
6
Calculate the greatest common divisor of 221481 and 468.
117
Calculate the greatest common divisor of 37293 and 217743.
1203
Calculate the highest common divisor of 143587 and 278.
139
Calculate the highest common factor of 294116 and 4.
4
What is the highest common factor of 3277 and 7975?
29
What is the highest common factor of 161 and 464646?
161
What is the greatest common divisor of 3342 and 8908101?
1671
What is the highest common factor of 50511 and 339?
339
Calculate the highest common factor of 263130 and 537.
537
Calculate the highest common divisor of 976833 and 897.
897
What is the greatest common factor of 123734 and 182?
26
What is the greatest common divisor of 51 and 1686621?
51
What is the greatest common divisor of 595 and 1904?
119
What is the greatest common factor of 336 and 2653?
7
What is the greatest common factor of 1685 and 75488?
337
Calculate the highest common divisor of 19509 and 357.
21
What is the greatest common factor of 44330 and 930?
310
What is the highest common factor of 8370 and 630?
90
What is the highest common factor of 4050 and 28550?
50
Calculate the highest common factor of 511308 and 56.
28
What is the highest common divisor of 945830 and 10?
10
What is the highest common factor of 21437 and 442?
221
What is the greatest common factor of 200 and 4365?
5
Calculate the highest common factor of 1736 and 166873.
217
What is the highest common divisor of 1492740 and 1620?
180
Calculate the highest common factor of 176 and 4532.
44
What is the highest common factor of 13158 and 1231735?
731
Calculate the greatest common divisor of 1908 and 236664.
36
Calculate the highest common factor of 3657 and 69.
69
Calculate the greatest common factor of 9 and 67077.
9
What is the highest common divisor of 85879 and 6437?
157
Calculate the highest common factor of 77175 and 70.
35
What is the greatest common divisor of 76 and 128?
4
Calculate the greatest common divisor of 35 and 2317.
7
Calculate the highest common divisor of 133740 and 720.
180
Calculate the highest common factor of 198 and 453906.
18
What is the highest common factor of 159 and 23550?
3
Calculate the highest common divisor of 35 and 10843.
7
Calculate the highest common factor of 11866 and 612.
34
Calculate the greatest common factor of 104 and 170248.
104
What is the highest common factor of 760 and 285?
95
What is the greatest common divisor of 1143 and 156337?
127
What is the greatest common divisor of 1183 and 254423?
13
Calculate the highest common divisor of 12091 and 214.
107
What is the greatest common factor of 143730 and 630?
90
What is the greatest common factor of 88717 and 948?
79
What is the greatest common factor of 3875 and 43555?
155
What is the highest common factor of 3404 and 2562361?
851
What is the greatest common divisor of 11450 and 200?
50
Calculate the greatest common factor of 415 and 55.
5
What is the highest common factor of 34965 and 24864?
777
Calculate the greatest common divisor of 77160 and 5.
5
What is the highest common divisor of 320 and 405?
5
Calculate the highest common divisor of 41 and 668669.
41
What is the highest common factor of 40612 and 8?
4
What is the greatest common factor of 95875 and 375?
125
Calculate the greatest common factor of 225 and 65175.
75
Calculate the greatest common divisor of 152105 and 5.
5
What is the highest common factor of 105171 and 33?
33
Calculate the greatest common factor of 400 and 515650.
50
What is the highest common factor of 56 and 88304?
8
Calculate the highest common factor of 952 and 3843088.
136
Calculate the greatest common factor of 116 and 171796.
116
Calculate the greatest common factor of 2471938 and 38.
38
What is the greatest common divisor of 3680 and 430790?
230
What is the greatest common divisor of 15 and 15665970?
15
What is the highest common factor of 78934 and 122?
122
What is the highest common divisor of 105 and 157115?
35
Calculate the highest common factor of 48 and 112584.
24
Calculate the greatest common factor of 28310 and 20.
10
Calculate the highest common factor of 1704 and 9159.
213
Calculate the greatest common factor of 377 and 23896.
29
What is the highest common factor of 623 and 4683?
7
Calculate the highest common factor of 116175 and 795.
15
Calculate the greatest common divisor of 104 and 136.
8
What is the highest common factor of 623234 and 536?
134
Calculate the greatest common divisor of 4526 and 3650.
146
What is the highest common divisor of 260 and 46180?
20
What is the greatest common factor of 9375 and 1125?
375
What is the greatest common divisor of 68 and 2227?
17
Calculate the greatest common divisor of 5 and 203495.
5
Calculate the highest common factor of 11375 and 3125.
125
What is the greatest common factor of 8220 and 24?
12
What is the highest common divisor of 158589 and 21708?
603
Calculate the greatest common divisor of 104 and 577488.
8
What is the greatest common divisor of 1641666 and 8619?
507
Calculate the highest common divisor of 40 and 25720.
40
What is the highest common divisor of 121709 and 196?
7
What is the greatest common divisor of 146 and 33434?
146
Calculate the greatest common factor of 822 and 53293.
137
Calculate the highest common factor of 1460 and 310.
10
What is the highest common divisor of 6615 and 8673?
147
Calculate the highest common divisor of 70 and 48755.
35
Calculate the highest common divisor of 832903 and 2242.
1121
Calculate the greatest common factor of 1679 and 15433.
23
What is the highest common factor of 11245 and 1430?
65
Calculate the greatest common factor of 376 and 279462.
94
What is the greatest common factor of 10710 and 1419840?
1530
What is the greatest common divisor of 6845 and 2960?
185
Calculate the highest common divisor of 18 and 98662.
2
Calculate the highest common factor of 7707 and 45141.
1101
Calculate the greatest common divisor of 1 and 12469.
1
What is the greatest common factor of 476 and 2835175?
119
What is the highest common divisor of 726 and 502876?
242
Calculate the highest common factor of 1784 and 44377.
223
Calculate the highest common factor of 5736 and 5052.
12
Calculate the highest common divisor of 47869578 and 18.
18
Calculate the highest common divisor of 192 and 90492.
12
Calculate the greatest common factor of 844 and 623083.
211
Calculate the highest common divisor of 248595 and 15.
15
Calculate the greatest common divisor of 117286 and 5200.
26
Calculate the highest common divisor of 25475 and 325.
25
Calculate the greatest common factor of 99162 and 693.
63
What is the highest common divisor of 1392939 and 74?
37
What is the greatest common factor of 775 and 11160?
155
What is the highest common divisor of 4501 and 175?
7
What is the highest common divisor of 24 and 537144?
24
What is the greatest common divisor of 36084 and 8?
4
What is the highest common factor of 13889 and 1748?
19
What is the greatest common factor of 285 and 53415?
15
Calculate the greatest common divisor of 228 and 12396.
12
Calculate the highest common divisor of 517290 and 1505.
215
Calculate the highest common factor of 176 and 16412.
44
Calculate the highest common factor of 13 and 89297.
13
What is the greatest common factor of 36029 and 7?
7
What is the greatest common factor of 1612 and 1300?
52
Calculate the highest common factor of 102562 and 3838.
38
Calculate the highest common divisor of 46982 and 6422.
338
Calculate the greatest common divisor of 93399 and 2445.
489
What is the greatest common factor of 110898 and 22725?
909
Calculate the greatest common divisor of 2223 and 266.
19
What is the greatest common factor of 8 and 1147024?
8
What is the greatest common factor of 3773 and 15862?
77
What is the greatest common divisor of 279 and 49896?
9
Calculate the highest common divisor of 95 and 18335.
95
What is the highest common factor of 11583 and 17303?
143
Calculate the highest common divisor of 37893 and 51.
51
Calculate the greatest common divisor of 3855 and 960.
15
What is the highest common divisor of 274 and 6453248?
274
Calculate the greatest common factor of 2348258 and 2